Last updated on 2024-05-02 11:51:39 CEST.
Flavor | Version | Tinstall | Tcheck | Ttotal | Status | Flags |
---|---|---|---|---|---|---|
r-devel-linux-x86_64-debian-clang | 1.15.0 | 174.02 | 237.20 | 411.22 | OK | |
r-devel-linux-x86_64-debian-gcc | 1.15.0 | 131.42 | 177.12 | 308.54 | OK | |
r-devel-linux-x86_64-fedora-clang | 1.15.0 | 547.38 | OK | |||
r-devel-linux-x86_64-fedora-gcc | 1.15.0 | 477.08 | OK | |||
r-devel-windows-x86_64 | 1.15.0 | 134.00 | 240.00 | 374.00 | OK | |
r-patched-linux-x86_64 | 1.15.0 | 172.97 | 217.17 | 390.14 | OK | |
r-release-linux-x86_64 | 1.15.0 | 164.19 | 218.83 | 383.02 | OK | |
r-release-macos-arm64 | 1.15.0 | 126.00 | NOTE | |||
r-release-windows-x86_64 | 1.15.0 | 135.00 | 237.00 | 372.00 | OK | |
r-oldrel-macos-arm64 | 1.15.0 | 147.00 | NOTE | |||
r-oldrel-macos-x86_64 | 1.15.0 | 222.00 | NOTE | |||
r-oldrel-windows-x86_64 | 1.15.0 | 165.00 | 281.00 | 446.00 | OK |
Version: 1.15.0
Check: installed package size
Result: NOTE
installed size is 6.6Mb
sub-directories of 1Mb or more:
libs 4.6Mb
Flavors: r-release-macos-arm64, r-oldrel-macos-arm64, r-oldrel-macos-x86_64