Last updated on 2024-05-02 23:52:12 CEST.
Flavor | Version | Tinstall | Tcheck | Ttotal | Status | Flags |
---|---|---|---|---|---|---|
r-devel-linux-x86_64-debian-clang | 0.4.21 | 12.67 | 109.02 | 121.69 | OK | |
r-devel-linux-x86_64-debian-gcc | 0.4.21 | 8.00 | 78.51 | 86.51 | OK | |
r-devel-linux-x86_64-fedora-clang | 0.4.21 | 149.04 | OK | |||
r-devel-linux-x86_64-fedora-gcc | 0.4.21 | 166.47 | OK | |||
r-devel-windows-x86_64 | 0.4.21 | 11.00 | 98.00 | 109.00 | OK | |
r-patched-linux-x86_64 | 0.4.21 | 13.43 | 101.53 | 114.96 | OK | |
r-release-linux-x86_64 | 0.4.21 | 11.70 | 101.98 | 113.68 | OK | |
r-release-macos-arm64 | 0.4.21 | 50.00 | OK | |||
r-release-windows-x86_64 | 0.4.21 | 13.00 | 90.00 | 103.00 | ERROR | |
r-oldrel-macos-arm64 | 0.4.21 | 54.00 | OK | |||
r-oldrel-macos-x86_64 | 0.4.21 | 121.00 | OK | |||
r-oldrel-windows-x86_64 | 0.4.21 | 16.00 | 117.00 | 133.00 | OK |
Version: 0.4.21
Check: examples
Result: ERROR
Running examples in 'voice-Ex.R' failed
The error most likely occurred in:
> ### Name: get_tbeg
> ### Title: Time beginning
> ### Aliases: get_tbeg
>
> ### ** Examples
>
> library(voice)
>
> url0 <- 'https://raw.githubusercontent.com/filipezabala/voiceAudios/main/rttm/sherlock0.rttm'
> download.file(url0, destfile = paste0(tempdir(), '/sherlock0.rttm'))
trying URL 'https://raw.githubusercontent.com/filipezabala/voiceAudios/main/rttm/sherlock0.rttm'
Warning in download.file(url0, destfile = paste0(tempdir(), "/sherlock0.rttm")) :
URL 'https://raw.githubusercontent.com/filipezabala/voiceAudios/main/rttm/sherlock0.rttm': status was 'SSL connect error'
Error in download.file(url0, destfile = paste0(tempdir(), "/sherlock0.rttm")) :
cannot open URL 'https://raw.githubusercontent.com/filipezabala/voiceAudios/main/rttm/sherlock0.rttm'
Execution halted
Flavor: r-release-windows-x86_64