Last updated on 2024-05-03 11:53:18 CEST.
Flavor | Version | Tinstall | Tcheck | Ttotal | Status | Flags |
---|---|---|---|---|---|---|
r-devel-linux-x86_64-debian-clang | 0.43 | 7.56 | 65.64 | 73.20 | OK | |
r-devel-linux-x86_64-fedora-clang | 0.43 | 92.25 | OK | |||
r-devel-linux-x86_64-fedora-gcc | 0.43 | 97.44 | OK | |||
r-devel-windows-x86_64 | 0.43 | 2.00 | 5.00 | 7.00 | ERROR | |
r-patched-linux-x86_64 | 0.43 | 9.13 | 62.28 | 71.41 | OK | |
r-release-linux-x86_64 | 0.43 | 7.17 | 60.57 | 67.74 | OK | |
r-release-macos-arm64 | 0.43 | 50.00 | OK | |||
r-release-macos-x86_64 | 0.43 | 159.00 | OK | |||
r-release-windows-x86_64 | 0.43 | 10.00 | 92.00 | 102.00 | OK | |
r-oldrel-macos-arm64 | 0.43 | 77.00 | OK | |||
r-oldrel-macos-x86_64 | 0.43 | 158.00 | OK | |||
r-oldrel-windows-x86_64 | 0.43 | 12.00 | 98.00 | 110.00 | OK |
Version: 0.43
Check: whether package can be installed
Result: ERROR
Installation failed.
Flavor: r-devel-windows-x86_64