Last updated on 2024-05-01 12:14:43 CEST.
Flavor | Version | Tinstall | Tcheck | Ttotal | Status | Flags |
---|---|---|---|---|---|---|
r-devel-linux-x86_64-debian-clang | 2.0.0 | 10.70 | 250.92 | 261.62 | OK | |
r-devel-linux-x86_64-debian-gcc | 2.0.0 | 9.90 | 184.69 | 194.59 | OK | |
r-devel-linux-x86_64-fedora-clang | 2.0.0 | 319.47 | OK | |||
r-devel-linux-x86_64-fedora-gcc | 2.0.0 | 338.57 | OK | |||
r-devel-windows-x86_64 | 2.0.0 | 10.00 | 208.00 | 218.00 | OK | |
r-patched-linux-x86_64 | 2.0.0 | 11.15 | 247.45 | 258.60 | OK | |
r-release-linux-x86_64 | 2.0.0 | 8.65 | 244.04 | 252.69 | OK | |
r-release-macos-arm64 | 2.0.0 | 103.00 | OK | |||
r-release-windows-x86_64 | 2.0.0 | 11.00 | 99.00 | 110.00 | ERROR | |
r-oldrel-macos-arm64 | 2.0.0 | 106.00 | OK | |||
r-oldrel-macos-x86_64 | 2.0.0 | 421.00 | OK | |||
r-oldrel-windows-x86_64 | 2.0.0 | 14.00 | 254.00 | 268.00 | OK |
Version: 2.0.0
Check: re-building of vignette outputs
Result: ERROR
Error(s) in re-building vignettes:
--- re-building 'Tutorials_for_xtune.Rmd' using rmarkdown
Quitting from lines at lines 71-72 [fit1] (Tutorials_for_xtune.Rmd)
Error: processing vignette 'Tutorials_for_xtune.Rmd' failed with diagnostics:
need at least two non-NA values to interpolate
--- failed re-building 'Tutorials_for_xtune.Rmd'
SUMMARY: processing the following file failed:
'Tutorials_for_xtune.Rmd'
Error: Vignette re-building failed.
Execution halted
Flavor: r-release-windows-x86_64