Last updated on 2024-05-10 00:03:42 CEST.
Flavor | Version | Tinstall | Tcheck | Ttotal | Status | Flags |
---|---|---|---|---|---|---|
r-devel-linux-x86_64-debian-clang | 0.1.1 | 5.36 | 66.20 | 71.56 | NOTE | |
r-devel-linux-x86_64-debian-gcc | 0.1.1 | 5.78 | 48.46 | 54.24 | NOTE | |
r-devel-linux-x86_64-fedora-clang | 0.1.1 | 92.29 | NOTE | |||
r-devel-linux-x86_64-fedora-gcc | 0.1.1 | 90.80 | NOTE | |||
r-devel-windows-x86_64 | 0.1.1 | 8.00 | 65.00 | 73.00 | NOTE | |
r-patched-linux-x86_64 | 0.1.1 | 4.71 | 61.11 | 65.82 | NOTE | |
r-release-linux-x86_64 | 0.1.1 | 7.42 | 61.93 | 69.35 | NOTE | |
r-release-macos-arm64 | 0.1.1 | 29.00 | NOTE | |||
r-release-windows-x86_64 | 0.1.1 | 9.00 | 65.00 | 74.00 | NOTE | |
r-oldrel-macos-arm64 | 0.1.1 | 31.00 | NOTE | |||
r-oldrel-macos-x86_64 | 0.1.1 | 44.00 | NOTE | |||
r-oldrel-windows-x86_64 | 0.1.1 | 11.00 | 70.00 | 81.00 | NOTE |
Version: 0.1.1
Check: LazyData
Result: NOTE
'LazyData' is specified without a 'data' directory
Flavors: r-devel-linux-x86_64-debian-clang, r-devel-linux-x86_64-debian-gcc, r-devel-linux-x86_64-fedora-clang, r-devel-linux-x86_64-fedora-gcc, r-devel-windows-x86_64, r-patched-linux-x86_64, r-release-linux-x86_64, r-release-macos-arm64, r-release-windows-x86_64, r-oldrel-macos-arm64, r-oldrel-macos-x86_64, r-oldrel-windows-x86_64