Last updated on 2025-04-30 05:49:36 CEST.
Flavor | Version | Tinstall | Tcheck | Ttotal | Status | Flags |
---|---|---|---|---|---|---|
r-devel-linux-x86_64-debian-clang | 0.1.0 | 24.29 | 80.58 | 104.87 | NOTE | |
r-devel-linux-x86_64-debian-gcc | 0.1.0 | 15.76 | 46.89 | 62.65 | OK | |
r-devel-linux-x86_64-fedora-clang | 0.1.0 | 172.12 | NOTE | |||
r-devel-linux-x86_64-fedora-gcc | 0.1.0 | 158.20 | NOTE | |||
r-devel-windows-x86_64 | 0.1.0 | 30.00 | 119.00 | 149.00 | OK | |
r-patched-linux-x86_64 | 0.1.0 | 23.39 | 62.94 | 86.33 | OK | |
r-release-linux-x86_64 | 0.1.0 | 21.94 | 63.22 | 85.16 | OK | |
r-release-macos-arm64 | 0.1.0 | 57.00 | OK | |||
r-release-macos-x86_64 | 0.1.0 | 150.00 | OK | |||
r-release-windows-x86_64 | 0.1.0 | 31.00 | 121.00 | 152.00 | OK | |
r-oldrel-macos-arm64 | 0.1.0 | 49.00 | OK | |||
r-oldrel-macos-x86_64 | 0.1.0 | 82.00 | OK | |||
r-oldrel-windows-x86_64 | 0.1.0 | 35.00 | 145.00 | 180.00 | OK |
Version: 0.1.0
Check: examples
Result: NOTE
Examples with CPU (user + system) or elapsed time > 5s
user system elapsed
sim_Vn_stat 8.539 0.110 9.904
sim_de_stat 8.546 0.032 9.491
sim_Zn_stat 8.524 0.032 9.520
Andrews.test 4.919 0.048 6.298
Flavor: r-devel-linux-x86_64-debian-clang
Version: 0.1.0
Check: dependencies in R code
Result: NOTE
Namespaces in Imports field not imported from:
‘Rdpack’ ‘grDevices’
All declared Imports should be used.
Flavors: r-devel-linux-x86_64-fedora-clang, r-devel-linux-x86_64-fedora-gcc