Last updated on 2025-04-30 23:49:45 CEST.
Flavor | Version | Tinstall | Tcheck | Ttotal | Status | Flags |
---|---|---|---|---|---|---|
r-devel-linux-x86_64-debian-clang | 0.99.60 | 95.82 | 362.32 | 458.14 | NOTE | |
r-devel-linux-x86_64-debian-gcc | 0.99.60 | 62.57 | 235.90 | 298.47 | OK | |
r-devel-linux-x86_64-fedora-clang | 0.99.60 | 719.85 | OK | |||
r-devel-linux-x86_64-fedora-gcc | 0.99.60 | 695.70 | OK | |||
r-devel-windows-x86_64 | 0.99.60 | 98.00 | 476.00 | 574.00 | OK | |
r-patched-linux-x86_64 | 0.99.60 | 101.32 | 337.98 | 439.30 | OK | |
r-release-linux-x86_64 | 0.99.60 | 92.76 | 335.65 | 428.41 | OK | |
r-release-macos-arm64 | 0.99.60 | 161.00 | OK | |||
r-release-macos-x86_64 | 0.99.60 | 266.00 | OK | |||
r-release-windows-x86_64 | 0.99.60 | 100.00 | 488.00 | 588.00 | OK | |
r-oldrel-macos-arm64 | 0.99.60 | 139.00 | NOTE | |||
r-oldrel-macos-x86_64 | 0.99.60 | 278.00 | NOTE | |||
r-oldrel-windows-x86_64 | 0.99.60 | 122.00 | 593.00 | 715.00 | NOTE |
Version: 0.99.60
Check: examples
Result: NOTE
Examples with CPU (user + system) or elapsed time > 5s
user system elapsed
Desc 3.945 0.037 5.253
Flavor: r-devel-linux-x86_64-debian-clang
Version: 0.99.60
Check: package dependencies
Result: NOTE
Package suggested but not available for checking: ‘RDCOMClient’
Flavors: r-oldrel-macos-arm64, r-oldrel-macos-x86_64, r-oldrel-windows-x86_64
Version: 0.99.60
Check: installed package size
Result: NOTE
installed size is 9.9Mb
sub-directories of 1Mb or more:
R 2.0Mb
doc 1.8Mb
help 1.6Mb
libs 3.8Mb
Flavors: r-oldrel-macos-arm64, r-oldrel-macos-x86_64, r-oldrel-windows-x86_64