Last updated on 2025-04-30 05:49:41 CEST.
Flavor | Version | Tinstall | Tcheck | Ttotal | Status | Flags |
---|---|---|---|---|---|---|
r-devel-linux-x86_64-debian-clang | 2.0.0 | 21.30 | 367.20 | 388.50 | NOTE | |
r-devel-linux-x86_64-debian-gcc | 2.0.0 | 15.11 | 244.90 | 260.01 | NOTE | |
r-devel-linux-x86_64-fedora-clang | 2.0.0 | 590.77 | OK | |||
r-devel-linux-x86_64-fedora-gcc | 2.0.0 | 572.04 | OK | |||
r-devel-windows-x86_64 | 2.0.0 | 23.00 | 339.00 | 362.00 | NOTE | |
r-patched-linux-x86_64 | 2.0.0 | 23.71 | 342.92 | 366.63 | NOTE | |
r-release-linux-x86_64 | 2.0.0 | 19.50 | 339.75 | 359.25 | NOTE | |
r-release-macos-arm64 | 2.0.0 | 172.00 | OK | |||
r-release-macos-x86_64 | 2.0.0 | 426.00 | OK | |||
r-release-windows-x86_64 | 2.0.0 | 22.00 | 343.00 | 365.00 | NOTE | |
r-oldrel-macos-arm64 | 2.0.0 | 178.00 | OK | |||
r-oldrel-macos-x86_64 | 2.0.0 | 243.00 | OK | |||
r-oldrel-windows-x86_64 | 2.0.0 | 29.00 | 461.00 | 490.00 | OK |
Version: 2.0.0
Check: Rd cross-references
Result: NOTE
Found the following Rd file(s) with Rd \link{} targets missing package
anchors:
classtable.Rd: confusionMatrix
Please provide package anchors for all Rd \link{} targets not in the
package itself and the base packages.
Flavors: r-devel-linux-x86_64-debian-clang, r-devel-linux-x86_64-debian-gcc, r-devel-windows-x86_64, r-patched-linux-x86_64, r-release-linux-x86_64, r-release-windows-x86_64
Version: 2.0.0
Check: examples
Result: NOTE
Examples with CPU (user + system) or elapsed time > 5s
user system elapsed
FFTrees 5.361 0.121 8.255
showcues 2.601 0.000 5.101
Flavor: r-devel-linux-x86_64-debian-clang
Version: 2.0.0
Check: examples
Result: NOTE
Examples with CPU (user + system) or elapsed time > 5s
user system elapsed
FFTrees 3.225 0.176 5.31
Flavor: r-devel-linux-x86_64-debian-gcc