Last updated on 2025-04-29 23:49:04 CEST.
Flavor | Version | Tinstall | Tcheck | Ttotal | Status | Flags |
---|---|---|---|---|---|---|
r-devel-linux-x86_64-debian-clang | 0.3.13 | 68.18 | 56.58 | 124.76 | OK | |
r-devel-linux-x86_64-debian-gcc | 0.3.13 | 52.73 | 41.89 | 94.62 | OK | |
r-devel-linux-x86_64-fedora-clang | 0.3.13 | 252.59 | OK | |||
r-devel-linux-x86_64-fedora-gcc | 0.3.13 | 301.52 | OK | |||
r-devel-windows-x86_64 | 0.3.13 | 83.00 | 118.00 | 201.00 | OK | |
r-patched-linux-x86_64 | 0.3.13 | 73.98 | 54.42 | 128.40 | OK | |
r-release-linux-x86_64 | 0.3.13 | 72.26 | 53.78 | 126.04 | OK | |
r-release-macos-arm64 | 0.3.13 | 90.00 | OK | |||
r-release-macos-x86_64 | 0.3.13 | 128.00 | OK | |||
r-release-windows-x86_64 | 0.3.13 | 81.00 | 107.00 | 188.00 | OK | |
r-oldrel-macos-arm64 | 0.3.13 | 73.00 | NOTE | |||
r-oldrel-macos-x86_64 | 0.3.13 | 121.00 | NOTE | |||
r-oldrel-windows-x86_64 | 0.3.13 | 91.00 | 129.00 | 220.00 | OK |
Version: 0.3.13
Check: package dependencies
Result: NOTE
Package suggested but not available for checking: ‘RTCGA.rnaseq’
Flavor: r-oldrel-macos-arm64
Version: 0.3.13
Check: installed package size
Result: NOTE
installed size is 10.1Mb
sub-directories of 1Mb or more:
libs 9.7Mb
Flavors: r-oldrel-macos-arm64, r-oldrel-macos-x86_64