Last updated on 2025-04-30 17:53:58 CEST.
Flavor | Version | Tinstall | Tcheck | Ttotal | Status | Flags |
---|---|---|---|---|---|---|
r-devel-linux-x86_64-debian-clang | 0.5.0 | 5.72 | 108.89 | 114.61 | NOTE | |
r-devel-linux-x86_64-debian-gcc | 0.5.0 | 4.82 | 78.71 | 83.53 | OK | |
r-devel-linux-x86_64-fedora-clang | 0.5.0 | 179.46 | OK | |||
r-devel-linux-x86_64-fedora-gcc | 0.5.0 | 190.17 | OK | |||
r-devel-windows-x86_64 | 0.5.0 | 9.00 | 114.00 | 123.00 | OK | |
r-patched-linux-x86_64 | 0.5.0 | 5.95 | 102.43 | 108.38 | OK | |
r-release-linux-x86_64 | 0.5.0 | 5.04 | 99.82 | 104.86 | OK | |
r-release-macos-arm64 | 0.5.0 | 110.00 | OK | |||
r-release-macos-x86_64 | 0.5.0 | 98.00 | OK | |||
r-release-windows-x86_64 | 0.5.0 | 9.00 | 95.00 | 104.00 | OK | |
r-oldrel-macos-arm64 | 0.5.0 | 48.00 | OK | |||
r-oldrel-macos-x86_64 | 0.5.0 | 115.00 | OK | |||
r-oldrel-windows-x86_64 | 0.5.0 | 12.00 | 127.00 | 139.00 | OK |
Version: 0.5.0
Check: examples
Result: NOTE
Examples with CPU (user + system) or elapsed time > 5s
user system elapsed
funnel_plot 3.286 0.119 5.034
Flavor: r-devel-linux-x86_64-debian-clang