Last updated on 2025-05-01 05:51:35 CEST.
Flavor | Version | Tinstall | Tcheck | Ttotal | Status | Flags |
---|---|---|---|---|---|---|
r-devel-linux-x86_64-debian-clang | 0.0.2 | 118.76 | 62.05 | 180.81 | NOTE | |
r-devel-linux-x86_64-debian-gcc | 0.0.2 | 93.31 | 48.57 | 141.88 | OK | |
r-devel-linux-x86_64-fedora-clang | 0.0.2 | 296.99 | OK | |||
r-devel-linux-x86_64-fedora-gcc | 0.0.2 | 367.06 | OK | |||
r-devel-windows-x86_64 | 0.0.2 | 117.00 | 106.00 | 223.00 | OK | |
r-patched-linux-x86_64 | 0.0.2 | 134.25 | 60.43 | 194.68 | OK | |
r-release-linux-x86_64 | 0.0.2 | 131.20 | 60.40 | 191.60 | OK | |
r-release-macos-arm64 | 0.0.2 | 119.00 | OK | |||
r-release-macos-x86_64 | 0.0.2 | 201.00 | OK | |||
r-release-windows-x86_64 | 0.0.2 | 117.00 | 109.00 | 226.00 | OK | |
r-oldrel-macos-arm64 | 0.0.2 | 103.00 | NOTE | |||
r-oldrel-macos-x86_64 | 0.0.2 | 208.00 | NOTE | |||
r-oldrel-windows-x86_64 | 0.0.2 | 131.00 | 125.00 | 256.00 | NOTE |
Version: 0.0.2
Check: examples
Result: NOTE
Examples with CPU (user + system) or elapsed time > 5s
user system elapsed
LocalCop-package 4.578 0.000 5.950
CondiCopSelect 4.370 0.023 5.826
Flavor: r-devel-linux-x86_64-debian-clang
Version: 0.0.2
Check: examples
Result: NA
user system elapsed
CondiCopSelect 3.25 0.317 5.147
OK
Flavor: r-devel-linux-x86_64-debian-gcc
Version: 0.0.2
Check: installed package size
Result: NOTE
installed size is 65.4Mb
sub-directories of 1Mb or more:
libs 65.0Mb
Flavors: r-oldrel-macos-arm64, r-oldrel-macos-x86_64, r-oldrel-windows-x86_64