Last updated on 2025-04-30 11:52:27 CEST.
Flavor | Version | Tinstall | Tcheck | Ttotal | Status | Flags |
---|---|---|---|---|---|---|
r-devel-linux-x86_64-debian-clang | 0.3.3.1 | 2.91 | 74.75 | 77.66 | NOTE | |
r-devel-linux-x86_64-debian-gcc | 0.3.3.1 | 2.32 | 57.78 | 60.10 | NOTE | |
r-devel-linux-x86_64-fedora-clang | 0.3.3.1 | 116.85 | OK | |||
r-devel-linux-x86_64-fedora-gcc | 0.3.3.1 | 126.16 | OK | |||
r-devel-windows-x86_64 | 0.3.3.1 | 6.00 | 93.00 | 99.00 | OK | |
r-patched-linux-x86_64 | 0.3.3.1 | 3.81 | 70.96 | 74.77 | OK | |
r-release-linux-x86_64 | 0.3.3.1 | 3.39 | 71.96 | 75.35 | OK | |
r-release-macos-arm64 | 0.3.3.1 | 47.00 | OK | |||
r-release-macos-x86_64 | 0.3.3.1 | 74.00 | OK | |||
r-release-windows-x86_64 | 0.3.3.1 | 6.00 | 93.00 | 99.00 | OK | |
r-oldrel-macos-arm64 | 0.3.3.1 | 52.00 | OK | |||
r-oldrel-macos-x86_64 | 0.3.3.1 | 87.00 | OK | |||
r-oldrel-windows-x86_64 | 0.3.3.1 | 5.00 | 111.00 | 116.00 | OK |
Version: 0.3.3.1
Check: examples
Result: NOTE
Examples with CPU (user + system) or elapsed time > 5s
user system elapsed
generate.placebos 5.293 0.109 7.113
plot_placebos 5.276 0.022 7.159
mspe.plot 4.681 0.047 7.631
mspe.test 4.617 0.058 6.399
multiple.synth 4.191 0.064 5.204
Flavor: r-devel-linux-x86_64-debian-clang
Version: 0.3.3.1
Check: examples
Result: NOTE
Examples with CPU (user + system) or elapsed time > 5s
user system elapsed
plot_placebos 4.238 0.004 5.015
Flavor: r-devel-linux-x86_64-debian-gcc