CRAN Package Check Results for Package SpatialPosition

Last updated on 2025-04-29 11:51:34 CEST.

Flavor Version Tinstall Tcheck Ttotal Status Flags
r-devel-linux-x86_64-debian-clang 2.1.2 32.01 435.47 467.48 NOTE
r-devel-linux-x86_64-debian-gcc 2.1.2 19.22 279.25 298.47 NOTE
r-devel-linux-x86_64-fedora-clang 2.1.2 740.35 OK
r-devel-linux-x86_64-fedora-gcc 2.1.2 744.58 OK
r-devel-windows-x86_64 2.1.2 26.00 356.00 382.00 NOTE
r-patched-linux-x86_64 2.1.2 31.53 420.66 452.19 NOTE
r-release-linux-x86_64 2.1.2 28.51 415.32 443.83 NOTE
r-release-macos-arm64 2.1.2 183.00 OK
r-release-macos-x86_64 2.1.2 413.00 OK
r-release-windows-x86_64 2.1.2 25.00 376.00 401.00 NOTE
r-oldrel-macos-arm64 2.1.2 156.00 OK
r-oldrel-macos-x86_64 2.1.2 275.00 OK
r-oldrel-windows-x86_64 2.1.2 34.00 613.00 647.00 OK

Check Details

Version: 2.1.2
Check: Rd cross-references
Result: NOTE Found the following Rd file(s) with Rd \link{} targets missing package anchors: rasterReilly.Rd: ratify Please provide package anchors for all Rd \link{} targets not in the package itself and the base packages. Flavors: r-devel-linux-x86_64-debian-clang, r-devel-linux-x86_64-debian-gcc, r-devel-windows-x86_64, r-patched-linux-x86_64, r-release-linux-x86_64, r-release-windows-x86_64