Last updated on 2024-05-13 05:52:47 CEST.
Flavor | Version | Tinstall | Tcheck | Ttotal | Status | Flags |
---|---|---|---|---|---|---|
r-devel-linux-x86_64-debian-clang | 2.0.0 | 8.36 | 70.61 | 78.97 | NOTE | |
r-devel-linux-x86_64-debian-gcc | 2.0.0 | 5.77 | 52.02 | 57.79 | NOTE | |
r-devel-linux-x86_64-fedora-clang | 2.0.0 | 95.08 | NOTE | |||
r-devel-linux-x86_64-fedora-gcc | 2.0.0 | 144.67 | NOTE | |||
r-devel-windows-x86_64 | 2.0.0 | 8.00 | 155.00 | 163.00 | NOTE | |
r-patched-linux-x86_64 | 2.0.0 | 6.19 | 65.29 | 71.48 | NOTE | |
r-release-linux-x86_64 | 2.0.0 | 6.96 | 65.68 | 72.64 | NOTE | |
r-release-macos-arm64 | 2.0.0 | 29.00 | NOTE | |||
r-release-windows-x86_64 | 2.0.0 | 8.00 | 69.00 | 77.00 | NOTE | |
r-oldrel-macos-arm64 | 2.0.0 | 30.00 | NOTE | |||
r-oldrel-macos-x86_64 | 2.0.0 | 53.00 | NOTE | |||
r-oldrel-windows-x86_64 | 2.0.0 | 8.00 | 177.00 | 185.00 | NOTE |
Version: 2.0.0
Check: Rd files
Result: NOTE
checkRd: (-1) TempDisaggDGP.Rd:79: Escaped LaTeX specials: \&
checkRd: (-1) disaggregate.Rd:56: Escaped LaTeX specials: \&
Flavors: r-devel-linux-x86_64-debian-clang, r-devel-linux-x86_64-debian-gcc, r-devel-linux-x86_64-fedora-clang, r-devel-linux-x86_64-fedora-gcc, r-devel-windows-x86_64, r-patched-linux-x86_64, r-release-linux-x86_64, r-release-macos-arm64, r-release-windows-x86_64, r-oldrel-macos-arm64, r-oldrel-macos-x86_64, r-oldrel-windows-x86_64