CRAN Package Check Results for Package attrib

Last updated on 2025-04-29 17:51:23 CEST.

Flavor Version Tinstall Tcheck Ttotal Status Flags
r-devel-linux-x86_64-debian-clang 2021.1.2 3.00 145.59 148.59 OK
r-devel-linux-x86_64-debian-gcc 2021.1.2 1.91 105.58 107.49 OK
r-devel-linux-x86_64-fedora-clang 2021.1.2 231.83 NOTE
r-devel-linux-x86_64-fedora-gcc 2021.1.2 263.17 NOTE
r-devel-windows-x86_64 2021.1.2 5.00 173.00 178.00 OK
r-patched-linux-x86_64 2021.1.2 2.94 161.31 164.25 OK
r-release-linux-x86_64 2021.1.2 2.66 155.80 158.46 OK
r-release-macos-arm64 2021.1.2 135.00 OK
r-release-macos-x86_64 2021.1.2 165.00 OK
r-release-windows-x86_64 2021.1.2 6.00 164.00 170.00 OK
r-oldrel-macos-arm64 2021.1.2 79.00 OK
r-oldrel-macos-x86_64 2021.1.2 149.00 OK
r-oldrel-windows-x86_64 2021.1.2 6.00 216.00 222.00 OK

Check Details

Version: 2021.1.2
Check: dependencies in R code
Result: NOTE Namespaces in Imports field not imported from: ‘dlnm’ ‘ggplot2’ ‘mvmeta’ ‘pbs’ ‘tsModel’ All declared Imports should be used. Flavors: r-devel-linux-x86_64-fedora-clang, r-devel-linux-x86_64-fedora-gcc