Last updated on 2025-04-30 23:49:43 CEST.
Flavor | Version | Tinstall | Tcheck | Ttotal | Status | Flags |
---|---|---|---|---|---|---|
r-devel-linux-x86_64-debian-clang | 0.2.3 | 117.80 | 449.89 | 567.69 | OK | |
r-devel-linux-x86_64-debian-gcc | 0.2.3 | 109.35 | 306.87 | 416.22 | OK | |
r-devel-linux-x86_64-fedora-clang | 0.2.3 | 908.20 | OK | |||
r-devel-linux-x86_64-fedora-gcc | 0.2.3 | 955.01 | OK | |||
r-devel-windows-x86_64 | 0.2.3 | 131.00 | 443.00 | 574.00 | OK | |
r-patched-linux-x86_64 | 0.2.3 | 141.43 | 448.65 | 590.08 | OK | |
r-release-linux-x86_64 | 0.2.3 | 140.04 | 449.61 | 589.65 | OK | |
r-release-macos-arm64 | 0.2.3 | 209.00 | OK | |||
r-release-macos-x86_64 | 0.2.3 | 491.00 | OK | |||
r-release-windows-x86_64 | 0.2.3 | 138.00 | 448.00 | 586.00 | OK | |
r-oldrel-macos-arm64 | 0.2.3 | 121.00 | NOTE | |||
r-oldrel-macos-x86_64 | 0.2.3 | 242.00 | NOTE | |||
r-oldrel-windows-x86_64 | 0.2.3 | 152.00 | 613.00 | 765.00 | NOTE |
Version: 0.2.3
Check: installed package size
Result: NOTE
installed size is 38.1Mb
sub-directories of 1Mb or more:
libs 36.0Mb
Flavors: r-oldrel-macos-arm64, r-oldrel-macos-x86_64
Version: 0.2.3
Check: for GNU extensions in Makefiles
Result: NOTE
GNU make is a SystemRequirements.
Flavors: r-oldrel-macos-arm64, r-oldrel-macos-x86_64, r-oldrel-windows-x86_64