Last updated on 2025-04-30 17:53:54 CEST.
Flavor | Version | Tinstall | Tcheck | Ttotal | Status | Flags |
---|---|---|---|---|---|---|
r-devel-linux-x86_64-debian-clang | 1.4.3 | 12.08 | 270.19 | 282.27 | NOTE | |
r-devel-linux-x86_64-debian-gcc | 1.4.3 | 8.02 | 191.01 | 199.03 | NOTE | |
r-devel-linux-x86_64-fedora-clang | 1.4.3 | 461.97 | OK | |||
r-devel-linux-x86_64-fedora-gcc | 1.4.3 | 492.10 | OK | |||
r-devel-windows-x86_64 | 1.4.3 | 13.00 | 243.00 | 256.00 | OK | |
r-patched-linux-x86_64 | 1.4.3 | 11.96 | 256.34 | 268.30 | OK | |
r-release-linux-x86_64 | 1.4.3 | 10.92 | 256.86 | 267.78 | OK | |
r-release-macos-arm64 | 1.4.3 | 126.00 | OK | |||
r-release-macos-x86_64 | 1.4.3 | 335.00 | OK | |||
r-release-windows-x86_64 | 1.4.3 | 15.00 | 249.00 | 264.00 | OK | |
r-oldrel-macos-arm64 | 1.4.3 | 125.00 | OK | |||
r-oldrel-macos-x86_64 | 1.4.3 | 228.00 | OK | |||
r-oldrel-windows-x86_64 | 1.4.3 | 19.00 | 349.00 | 368.00 | OK |
Version: 1.4.3
Check: CRAN incoming feasibility
Result: NOTE
Maintainer: ‘Pedro L. Rodriguez <pedro.rodriguezsosa@gmail.com>’
The Description field contains
approach developed by Khodak et al. (2018) <arXiv:1805.05388> and
Please refer to arXiv e-prints via their arXiv DOI <doi:10.48550/arXiv.YYMM.NNNNN>.
Flavors: r-devel-linux-x86_64-debian-clang, r-devel-linux-x86_64-debian-gcc
Version: 1.4.3
Check: examples
Result: NOTE
Examples with CPU (user + system) or elapsed time > 5s
user system elapsed
get_nns 8.350 0.008 10.118
get_ncs 7.173 0.008 8.298
get_cos_sim 4.704 0.024 5.453
Flavor: r-devel-linux-x86_64-debian-clang
Version: 1.4.3
Check: examples
Result: NOTE
Examples with CPU (user + system) or elapsed time > 5s
user system elapsed
get_nns 5.325 0.037 5.375
Flavor: r-devel-linux-x86_64-debian-gcc