Last updated on 2025-04-30 11:51:59 CEST.
Flavor | Version | Tinstall | Tcheck | Ttotal | Status | Flags |
---|---|---|---|---|---|---|
r-devel-linux-x86_64-debian-clang | 1.1.3 | 6.29 | 107.41 | 113.70 | NOTE | |
r-devel-linux-x86_64-debian-gcc | 1.1.3 | 4.14 | 75.17 | 79.31 | NOTE | |
r-devel-linux-x86_64-fedora-clang | 1.1.3 | 166.51 | OK | |||
r-devel-linux-x86_64-fedora-gcc | 1.1.3 | 171.25 | OK | |||
r-devel-windows-x86_64 | 1.1.3 | 8.00 | 123.00 | 131.00 | NOTE | |
r-patched-linux-x86_64 | 1.1.3 | 7.23 | 101.82 | 109.05 | NOTE | |
r-release-linux-x86_64 | 1.1.3 | 5.87 | 101.52 | 107.39 | NOTE | |
r-release-macos-arm64 | 1.1.3 | 81.00 | OK | |||
r-release-macos-x86_64 | 1.1.3 | 104.00 | OK | |||
r-release-windows-x86_64 | 1.1.3 | 11.00 | 119.00 | 130.00 | NOTE | |
r-oldrel-macos-arm64 | 1.1.3 | 60.00 | NOTE | |||
r-oldrel-macos-x86_64 | 1.1.3 | 78.00 | OK | |||
r-oldrel-windows-x86_64 | 1.1.3 | 10.00 | 146.00 | 156.00 | OK |
Version: 1.1.3
Check: Rd cross-references
Result: NOTE
Found the following Rd file(s) with Rd \link{} targets missing package
anchors:
axis_canvas.Rd: ggplot2, coord_flip
background_grid.Rd: theme
draw_line.Rd: geom_path
draw_text.Rd: geom_label
ggsave2.Rd: ggsave
insert_xaxis_grob.Rd: ggplot2
save_plot.Rd: ggsave
theme_minimal_grid.Rd: theme_minimal
Please provide package anchors for all Rd \link{} targets not in the
package itself and the base packages.
Flavors: r-devel-linux-x86_64-debian-clang, r-devel-linux-x86_64-debian-gcc, r-devel-windows-x86_64, r-patched-linux-x86_64, r-release-linux-x86_64, r-release-windows-x86_64
Version: 1.1.3
Check: examples
Result: NOTE
Examples with CPU (user + system) or elapsed time > 5s
user system elapsed
plot_grid 4.590 0.024 5.058
add_sub 3.019 0.242 5.179
Flavor: r-devel-linux-x86_64-debian-clang
Version: 1.1.3
Check: package dependencies
Result: NOTE
Package suggested but not available for checking: ‘testthat’
Flavor: r-oldrel-macos-arm64