Last updated on 2024-05-11 05:54:34 CEST.
Flavor | Version | Tinstall | Tcheck | Ttotal | Status | Flags |
---|---|---|---|---|---|---|
r-devel-linux-x86_64-debian-clang | 1.1.0 | 135.42 | 105.55 | 240.97 | OK | |
r-devel-linux-x86_64-debian-gcc | 1.1.0 | 94.87 | 76.25 | 171.12 | OK | |
r-devel-linux-x86_64-fedora-clang | 1.1.0 | 329.56 | OK | |||
r-devel-linux-x86_64-fedora-gcc | 1.1.0 | 394.18 | OK | |||
r-devel-windows-x86_64 | 1.1.0 | 99.00 | 129.00 | 228.00 | OK | |
r-patched-linux-x86_64 | 1.1.0 | 123.50 | 100.63 | 224.13 | OK | |
r-release-linux-x86_64 | 1.1.0 | 127.39 | 100.60 | 227.99 | OK | |
r-release-macos-arm64 | 1.1.0 | 76.00 | NOTE | |||
r-release-windows-x86_64 | 1.1.0 | 101.00 | 128.00 | 229.00 | OK | |
r-oldrel-macos-arm64 | 1.1.0 | 93.00 | NOTE | |||
r-oldrel-macos-x86_64 | 1.1.0 | 268.00 | NOTE | |||
r-oldrel-windows-x86_64 | 1.1.0 | 125.00 | 138.00 | 263.00 | OK |
Version: 1.1.0
Check: installed package size
Result: NOTE
installed size is 7.6Mb
sub-directories of 1Mb or more:
doc 2.5Mb
libs 4.7Mb
Flavors: r-release-macos-arm64, r-oldrel-macos-arm64, r-oldrel-macos-x86_64