CRAN Package Check Results for Package fasterRaster

Last updated on 2025-04-29 23:49:03 CEST.

Flavor Version Tinstall Tcheck Ttotal Status Flags
r-devel-linux-x86_64-debian-clang 8.4.0.7 77.96 369.81 447.77 OK
r-devel-linux-x86_64-debian-gcc 8.4.0.7 43.31 236.45 279.76 OK
r-devel-linux-x86_64-fedora-clang 8.4.0.7 716.30 OK
r-devel-linux-x86_64-fedora-gcc 8.4.0.7 713.29 OK
r-devel-windows-x86_64 8.4.0.7 69.00 423.00 492.00 OK
r-patched-linux-x86_64 8.4.0.5 95.69 375.93 471.62 OK
r-release-linux-x86_64 8.4.0.7 69.40 353.14 422.54 OK
r-release-macos-arm64 8.4.0.7 158.00 OK
r-release-macos-x86_64 8.4.0.7 447.00 OK
r-release-windows-x86_64 8.4.0.7 77.00 395.00 472.00 OK
r-oldrel-macos-arm64 8.4.0.7 165.00 NOTE
r-oldrel-macos-x86_64 8.4.0.7 426.00 NOTE
r-oldrel-windows-x86_64 8.4.0.7 61.00 384.00 445.00 NOTE

Check Details

Version: 8.4.0.7
Check: installed package size
Result: NOTE installed size is 6.0Mb sub-directories of 1Mb or more: R 3.1Mb help 1.7Mb Flavors: r-oldrel-macos-arm64, r-oldrel-macos-x86_64, r-oldrel-windows-x86_64