CRAN Package Check Results for Package glm.predict

Last updated on 2025-04-29 17:51:33 CEST.

Flavor Version Tinstall Tcheck Ttotal Status Flags
r-devel-linux-x86_64-debian-clang 4.3-0 14.84 157.99 172.83 NOTE
r-devel-linux-x86_64-debian-gcc 4.3-0 10.05 110.12 120.17 NOTE
r-devel-linux-x86_64-fedora-clang 4.3-0 292.08 OK
r-devel-linux-x86_64-fedora-gcc 4.3-0 292.21 OK
r-devel-windows-x86_64 4.3-0 15.00 168.00 183.00 OK
r-patched-linux-x86_64 4.3-0 12.91 149.12 162.03 OK
r-release-linux-x86_64 4.3-0 12.14 150.43 162.57 OK
r-release-macos-arm64 4.3-0 87.00 OK
r-release-macos-x86_64 4.3-0 160.00 OK
r-release-windows-x86_64 4.3-0 15.00 164.00 179.00 OK
r-oldrel-macos-arm64 4.3-0 77.00 OK
r-oldrel-macos-x86_64 4.3-0 121.00 OK
r-oldrel-windows-x86_64 4.3-0 19.00 213.00 232.00 OK

Check Details

Version: 4.3-0
Check: CRAN incoming feasibility
Result: NOTE Maintainer: ‘Benjamin E. Schlegel <kontakt@benjaminschlegel.ch>’ No Authors@R field in DESCRIPTION. Please add one, modifying Authors@R: person(given = c("Benjamin", "E."), family = "Schlegel", role = c("aut", "cre"), email = "kontakt@benjaminschlegel.ch") as necessary. Flavors: r-devel-linux-x86_64-debian-clang, r-devel-linux-x86_64-debian-gcc

Version: 4.3-0
Check: examples
Result: NOTE Examples with CPU (user + system) or elapsed time > 5s user system elapsed dc.glm 5.224 0.058 7.009 basepredict 5.036 0.088 6.749 dc 5.085 0.039 7.029 basepredict.glm 4.979 0.047 6.317 Flavor: r-devel-linux-x86_64-debian-clang