CRAN Package Check Results for Package gptstudio

Last updated on 2025-04-30 17:53:59 CEST.

Flavor Version Tinstall Tcheck Ttotal Status Flags
r-devel-linux-x86_64-debian-clang 0.4.0 8.41 70.72 79.13 NOTE
r-devel-linux-x86_64-debian-gcc 0.4.0 4.94 53.30 58.24 NOTE
r-devel-linux-x86_64-fedora-clang 0.4.0 127.82 NOTE
r-devel-linux-x86_64-fedora-gcc 0.4.0 139.20 NOTE
r-devel-windows-x86_64 0.4.0 10.00 116.00 126.00 NOTE
r-patched-linux-x86_64 0.4.0 8.60 65.97 74.57 NOTE
r-release-linux-x86_64 0.4.0 7.21 66.61 73.82 NOTE
r-release-macos-arm64 0.4.0 72.00 NOTE
r-release-macos-x86_64 0.4.0 83.00 NOTE
r-release-windows-x86_64 0.4.0 12.00 110.00 122.00 NOTE
r-oldrel-macos-arm64 0.4.0 49.00 OK
r-oldrel-macos-x86_64 0.4.0 70.00 OK
r-oldrel-windows-x86_64 0.4.0 13.00 112.00 125.00 OK

Check Details

Version: 0.4.0
Check: DESCRIPTION meta-information
Result: NOTE Missing dependency on R >= 4.1.0 because package code uses the pipe |> or function shorthand \(...) syntax added in R 4.1.0. File(s) using such syntax: ‘service-cohere.R’ Flavors: r-devel-linux-x86_64-debian-clang, r-devel-linux-x86_64-debian-gcc, r-devel-linux-x86_64-fedora-clang, r-devel-linux-x86_64-fedora-gcc, r-devel-windows-x86_64, r-patched-linux-x86_64, r-release-linux-x86_64, r-release-macos-arm64, r-release-macos-x86_64, r-release-windows-x86_64