Last updated on 2024-05-21 11:53:35 CEST.
Flavor | Version | Tinstall | Tcheck | Ttotal | Status | Flags |
---|---|---|---|---|---|---|
r-devel-linux-x86_64-debian-clang | 1.28.3 | 10.64 | 81.87 | 92.51 | OK | |
r-devel-linux-x86_64-debian-gcc | 1.28.3 | 7.99 | 59.21 | 67.20 | OK | |
r-devel-linux-x86_64-fedora-clang | 1.28.3 | 117.92 | OK | |||
r-devel-linux-x86_64-fedora-gcc | 1.28.3 | 123.38 | OK | |||
r-devel-windows-x86_64 | 1.28.3 | 13.00 | 93.00 | 106.00 | OK | |
r-patched-linux-x86_64 | 1.28.3 | 11.15 | 75.57 | 86.72 | OK | |
r-release-linux-x86_64 | 1.28.3 | 10.72 | 75.89 | 86.61 | OK | |
r-release-macos-arm64 | 1.28.3 | 43.00 | OK | |||
r-release-windows-x86_64 | 1.28.3 | 12.00 | 93.00 | 105.00 | OK | |
r-oldrel-macos-arm64 | 1.28.3 | 44.00 | OK | |||
r-oldrel-macos-x86_64 | 1.28.3 | 60.00 | NOTE | |||
r-oldrel-windows-x86_64 | 1.28.3 | 13.00 | 100.00 | 113.00 | OK |
Version: 1.28.3
Check: package dependencies
Result: NOTE
Packages suggested but not available for checking:
'marray', 'affy', 'Biobase', 'limma'
Flavor: r-oldrel-macos-x86_64
Version: 1.28.3
Check: Rd cross-references
Result: NOTE
Package unavailable to check Rd xrefs: ‘limma’
Flavor: r-oldrel-macos-x86_64
Version: 1.28.3
Check: re-building of vignette outputs
Result: NOTE
Note: skipping ‘hexagon_binning.Rnw’ due to unavailable dependencies:
'marray'
Flavor: r-oldrel-macos-x86_64