Last updated on 2025-04-30 17:54:00 CEST.
Flavor | Version | Tinstall | Tcheck | Ttotal | Status | Flags |
---|---|---|---|---|---|---|
r-devel-linux-x86_64-debian-clang | 1.5 | 10.22 | 87.20 | 97.42 | NOTE | |
r-devel-linux-x86_64-debian-gcc | 1.5 | 7.52 | 67.94 | 75.46 | NOTE | |
r-devel-linux-x86_64-fedora-clang | 1.5 | 155.97 | OK | |||
r-devel-linux-x86_64-fedora-gcc | 1.5 | 149.57 | OK | |||
r-devel-windows-x86_64 | 1.5 | 14.00 | 95.00 | 109.00 | OK | |
r-patched-linux-x86_64 | 1.5 | 11.72 | 83.11 | 94.83 | OK | |
r-release-linux-x86_64 | 1.5 | 9.14 | 83.53 | 92.67 | OK | |
r-release-macos-arm64 | 1.5 | 68.00 | OK | |||
r-release-macos-x86_64 | 1.5 | 99.00 | OK | |||
r-release-windows-x86_64 | 1.5 | 13.00 | 91.00 | 104.00 | OK | |
r-oldrel-macos-arm64 | 1.5 | 55.00 | OK | |||
r-oldrel-macos-x86_64 | 1.5 | 72.00 | OK | |||
r-oldrel-windows-x86_64 | 1.5 | 16.00 | 110.00 | 126.00 | OK |
Version: 1.5
Check: CRAN incoming feasibility
Result: NOTE
Maintainer: ‘Ho Tsung-wu <tsungwu@ntnu.edu.tw>’
No Authors@R field in DESCRIPTION.
Please add one, modifying
Authors@R: person(given = "Ho",
family = "Tsung-wu",
role = c("aut", "cre"),
email = "tsungwu@ntnu.edu.tw")
as necessary.
Flavors: r-devel-linux-x86_64-debian-clang, r-devel-linux-x86_64-debian-gcc
Version: 1.5
Check: examples
Result: NOTE
Examples with CPU (user + system) or elapsed time > 5s
user system elapsed
iClick.ARIMA 4.363 0.53 7.51
Flavor: r-devel-linux-x86_64-debian-clang