Last updated on 2025-04-29 23:49:07 CEST.
Flavor | Version | Tinstall | Tcheck | Ttotal | Status | Flags |
---|---|---|---|---|---|---|
r-devel-linux-x86_64-debian-clang | 1.0.0 | 15.09 | 407.91 | 423.00 | NOTE | |
r-devel-linux-x86_64-debian-gcc | 1.0.0 | 8.59 | 281.49 | 290.08 | NOTE | |
r-devel-linux-x86_64-fedora-clang | 1.0.0 | 685.06 | OK | |||
r-devel-linux-x86_64-fedora-gcc | 1.0.0 | 680.55 | OK | |||
r-devel-windows-x86_64 | 1.0.0 | 15.00 | 354.00 | 369.00 | OK | |
r-patched-linux-x86_64 | 1.0.0 | 16.17 | 387.52 | 403.69 | OK | |
r-release-linux-x86_64 | 1.0.0 | 12.30 | 387.78 | 400.08 | OK | |
r-release-macos-arm64 | 1.0.0 | 181.00 | OK | |||
r-release-macos-x86_64 | 1.0.0 | 366.00 | OK | |||
r-release-windows-x86_64 | 1.0.0 | 15.00 | 350.00 | 365.00 | OK | |
r-oldrel-macos-arm64 | 1.0.0 | 164.00 | OK | |||
r-oldrel-macos-x86_64 | 1.0.0 | 267.00 | OK | |||
r-oldrel-windows-x86_64 | 1.0.0 | 20.00 | 466.00 | 486.00 | OK |
Version: 1.0.0
Check: examples
Result: NOTE
Examples with CPU (user + system) or elapsed time > 5s
user system elapsed
role_analysis 12.373 0.046 14.959
netwrite 11.750 0.099 14.352
qap_run 9.981 0.031 12.228
qap_setup 8.149 0.048 9.865
comm_detect 7.726 0.250 9.464
Flavor: r-devel-linux-x86_64-debian-clang
Version: 1.0.0
Check: examples
Result: NOTE
Examples with CPU (user + system) or elapsed time > 5s
user system elapsed
role_analysis 8.116 0.071 10.101
netwrite 7.158 0.109 9.972
qap_run 5.975 0.100 7.032
comm_detect 5.241 0.266 6.971
qap_setup 5.093 0.065 6.368
Flavor: r-devel-linux-x86_64-debian-gcc