Last updated on 2025-04-30 11:52:19 CEST.
Flavor | Version | Tinstall | Tcheck | Ttotal | Status | Flags |
---|---|---|---|---|---|---|
r-devel-linux-x86_64-debian-clang | 2.1.0 | 26.92 | 402.41 | 429.33 | NOTE | |
r-devel-linux-x86_64-debian-gcc | 2.1.0 | 16.13 | 270.42 | 286.55 | OK | |
r-devel-linux-x86_64-fedora-clang | 2.1.0 | 695.34 | OK | |||
r-devel-linux-x86_64-fedora-gcc | 2.1.0 | 874.61 | OK | |||
r-devel-windows-x86_64 | 2.1.0 | 24.00 | 413.00 | 437.00 | OK | |
r-patched-linux-x86_64 | 2.1.0 | 26.28 | 387.70 | 413.98 | OK | |
r-release-linux-x86_64 | 2.1.0 | 27.36 | 390.06 | 417.42 | OK | |
r-release-macos-arm64 | 2.1.0 | 275.00 | OK | |||
r-release-macos-x86_64 | 2.1.0 | 582.00 | OK | |||
r-release-windows-x86_64 | 2.1.0 | 21.00 | 406.00 | 427.00 | OK | |
r-oldrel-macos-arm64 | 2.1.0 | 276.00 | OK | |||
r-oldrel-macos-x86_64 | 2.1.0 | 532.00 | OK | |||
r-oldrel-windows-x86_64 | 2.1.0 | 33.00 | 566.00 | 599.00 | OK |
Version: 2.1.0
Check: examples
Result: NOTE
Examples with CPU (user + system) or elapsed time > 5s
user system elapsed
tonerToTrans 3.029 0.079 5.302
Flavor: r-devel-linux-x86_64-debian-clang