CRAN Package Check Results for Package mlr3viz

Last updated on 2025-04-29 11:51:23 CEST.

Flavor Version Tinstall Tcheck Ttotal Status Flags
r-devel-linux-x86_64-debian-clang 0.10.1 7.54 176.75 184.29 NOTE
r-devel-linux-x86_64-debian-gcc 0.10.1 5.39 118.72 124.11 NOTE
r-devel-linux-x86_64-fedora-clang 0.10.1 304.77 OK
r-devel-linux-x86_64-fedora-gcc 0.10.1 292.20 OK
r-devel-windows-x86_64 0.10.1 10.00 148.00 158.00 OK
r-patched-linux-x86_64 0.10.1 8.13 167.57 175.70 OK
r-release-linux-x86_64 0.10.1 7.21 164.85 172.06 OK
r-release-macos-arm64 0.10.1 59.00 OK
r-release-macos-x86_64 0.10.1 131.00 OK
r-release-windows-x86_64 0.10.1 9.00 144.00 153.00 OK
r-oldrel-macos-arm64 0.10.1 65.00 NOTE
r-oldrel-macos-x86_64 0.10.1 144.00 NOTE
r-oldrel-windows-x86_64 0.10.1 11.00 184.00 195.00 NOTE

Check Details

Version: 0.10.1
Check: examples
Result: NOTE Examples with CPU (user + system) or elapsed time > 5s user system elapsed autoplot.TuningInstanceBatchSingleCrit 5.726 0.029 10.751 autoplot.OptimInstanceBatchSingleCrit 5.681 0.062 8.726 autoplot.BenchmarkResult 4.426 0.136 9.702 Flavor: r-devel-linux-x86_64-debian-clang

Version: 0.10.1
Check: examples
Result: NOTE Examples with CPU (user + system) or elapsed time > 5s user system elapsed autoplot.OptimInstanceBatchSingleCrit 3.619 0.188 8.239 Flavor: r-devel-linux-x86_64-debian-gcc

Version: 0.10.1
Check: package dependencies
Result: NOTE Package suggested but not available for checking: ‘mlr3proba’ Flavors: r-oldrel-macos-arm64, r-oldrel-macos-x86_64, r-oldrel-windows-x86_64