CRAN Package Check Results for Package modelbased

Last updated on 2025-04-29 23:49:10 CEST.

Flavor Version Tinstall Tcheck Ttotal Status Flags
r-devel-linux-x86_64-debian-clang 0.10.0 6.12 200.99 207.11 NOTE
r-devel-linux-x86_64-debian-gcc 0.10.0 5.54 128.71 134.25 NOTE
r-devel-linux-x86_64-fedora-clang 0.10.0 321.27 OK
r-devel-linux-x86_64-fedora-gcc 0.10.0 319.16 OK
r-devel-windows-x86_64 0.10.0 8.00 164.00 172.00 OK
r-patched-linux-x86_64 0.10.0 7.45 174.84 182.29 OK
r-release-linux-x86_64 0.10.0 7.60 175.27 182.87 OK
r-release-macos-arm64 0.10.0 89.00 OK
r-release-macos-x86_64 0.10.0 175.00 OK
r-release-windows-x86_64 0.10.0 9.00 182.00 191.00 OK
r-oldrel-macos-arm64 0.10.0 77.00 OK
r-oldrel-macos-x86_64 0.10.0 151.00 OK
r-oldrel-windows-x86_64 0.10.0 10.00 216.00 226.00 OK

Check Details

Version: 0.10.0
Check: examples
Result: NOTE Examples with CPU (user + system) or elapsed time > 5s user system elapsed estimate_contrasts 9.864 0.381 14.103 Flavor: r-devel-linux-x86_64-debian-clang

Version: 0.10.0
Check: examples
Result: NOTE Examples with CPU (user + system) or elapsed time > 5s user system elapsed estimate_contrasts 6.984 0.49 9.568 Flavor: r-devel-linux-x86_64-debian-gcc