Last updated on 2025-04-30 11:52:22 CEST.
Flavor | Version | Tinstall | Tcheck | Ttotal | Status | Flags |
---|---|---|---|---|---|---|
r-devel-linux-x86_64-debian-clang | 0.4.2 | 76.44 | 120.16 | 196.60 | NOTE | |
r-devel-linux-x86_64-debian-gcc | 0.4.2 | 57.03 | 83.95 | 140.98 | NOTE | |
r-devel-linux-x86_64-fedora-clang | 0.4.2 | 366.95 | OK | |||
r-devel-linux-x86_64-fedora-gcc | 0.4.2 | 353.46 | OK | |||
r-devel-windows-x86_64 | 0.4.2 | 94.00 | 182.00 | 276.00 | OK | |
r-patched-linux-x86_64 | 0.4.2 | 77.32 | 113.58 | 190.90 | OK | |
r-release-linux-x86_64 | 0.4.2 | 83.27 | 114.39 | 197.66 | OK | |
r-release-macos-arm64 | 0.4.2 | 81.00 | OK | |||
r-release-macos-x86_64 | 0.4.2 | 131.00 | OK | |||
r-release-windows-x86_64 | 0.4.2 | 95.00 | 183.00 | 278.00 | OK | |
r-oldrel-macos-arm64 | 0.4.2 | 78.00 | NOTE | |||
r-oldrel-macos-x86_64 | 0.4.2 | 109.00 | NOTE | |||
r-oldrel-windows-x86_64 | 0.4.2 | 104.00 | 214.00 | 318.00 | OK |
Version: 0.4.2
Check: CRAN incoming feasibility
Result: NOTE
Maintainer: ‘Malte S. Kurz <mkurz-software@gmx.de>’
Package CITATION file contains call(s) to old-style citEntry(). Please
use bibentry() instead.
Flavors: r-devel-linux-x86_64-debian-clang, r-devel-linux-x86_64-debian-gcc
Version: 0.4.2
Check: installed package size
Result: NOTE
installed size is 5.4Mb
sub-directories of 1Mb or more:
libs 5.2Mb
Flavors: r-oldrel-macos-arm64, r-oldrel-macos-x86_64