Last updated on 2025-04-30 05:49:50 CEST.
Flavor | Version | Tinstall | Tcheck | Ttotal | Status | Flags |
---|---|---|---|---|---|---|
r-devel-linux-x86_64-debian-clang | 0.4.2 | 14.63 | 113.50 | 128.13 | NOTE | |
r-devel-linux-x86_64-debian-gcc | 0.4.2 | 8.46 | 78.80 | 87.26 | OK | |
r-devel-linux-x86_64-fedora-clang | 0.4.2 | 191.74 | OK | |||
r-devel-linux-x86_64-fedora-gcc | 0.4.2 | 181.64 | OK | |||
r-devel-windows-x86_64 | 0.4.2 | 14.00 | 120.00 | 134.00 | OK | |
r-patched-linux-x86_64 | 0.4.2 | 13.49 | 105.66 | 119.15 | OK | |
r-release-linux-x86_64 | 0.4.2 | 13.78 | 103.10 | 116.88 | OK | |
r-release-macos-arm64 | 0.4.2 | 54.00 | OK | |||
r-release-macos-x86_64 | 0.4.2 | 107.00 | OK | |||
r-release-windows-x86_64 | 0.4.2 | 17.00 | 120.00 | 137.00 | OK | |
r-oldrel-macos-arm64 | 0.4.2 | 54.00 | OK | |||
r-oldrel-macos-x86_64 | 0.4.2 | 100.00 | OK | |||
r-oldrel-windows-x86_64 | 0.4.2 | 18.00 | 145.00 | 163.00 | OK |
Version: 0.4.2
Check: examples
Result: NOTE
Examples with CPU (user + system) or elapsed time > 5s
user system elapsed
draw_ped 5.023 0.125 6.467
draw_pedA 3.940 0.171 5.318
Flavor: r-devel-linux-x86_64-debian-clang