Last updated on 2025-04-30 23:49:56 CEST.
Flavor | Version | Tinstall | Tcheck | Ttotal | Status | Flags |
---|---|---|---|---|---|---|
r-devel-linux-x86_64-debian-clang | 2.4-4 | 58.46 | 325.94 | 384.40 | NOTE | |
r-devel-linux-x86_64-debian-gcc | 2.4-4 | 33.16 | 205.66 | 238.82 | OK | |
r-devel-linux-x86_64-fedora-clang | 2.4-4 | 608.85 | OK | |||
r-devel-linux-x86_64-fedora-gcc | 2.4-4 | 572.49 | OK | |||
r-devel-windows-x86_64 | 2.4-4 | 52.00 | 290.00 | 342.00 | OK | |
r-patched-linux-x86_64 | 2.4-4 | 53.35 | 306.02 | 359.37 | OK | |
r-release-linux-x86_64 | 2.4-4 | 49.65 | 307.49 | 357.14 | OK | |
r-release-macos-arm64 | 2.4-4 | 156.00 | OK | |||
r-release-macos-x86_64 | 2.4-4 | 389.00 | OK | |||
r-release-windows-x86_64 | 2.4-4 | 54.00 | 299.00 | 353.00 | OK | |
r-oldrel-macos-arm64 | 2.4-4 | 129.00 | OK | |||
r-oldrel-macos-x86_64 | 2.4-4 | 182.00 | OK | |||
r-oldrel-windows-x86_64 | 2.4-4 | 68.00 | 393.00 | 461.00 | OK |
Version: 2.4-4
Check: examples
Result: NOTE
Examples with CPU (user + system) or elapsed time > 5s
user system elapsed
densityMap 9.280 0.055 11.203
anc.Bayes 4.993 0.196 7.254
contMap 4.141 0.091 5.062
ltt 3.662 0.008 5.170
Flavor: r-devel-linux-x86_64-debian-clang
Version: 2.4-4
Check: examples
Result: NA
user system elapsed
densityMap 5.03 0.11 6.625
OK
Flavor: r-devel-linux-x86_64-debian-gcc