Last updated on 2025-04-29 11:51:28 CEST.
Flavor | Version | Tinstall | Tcheck | Ttotal | Status | Flags |
---|---|---|---|---|---|---|
r-devel-linux-x86_64-debian-clang | 0.5.0 | 7.50 | 170.61 | 178.11 | NOTE | |
r-devel-linux-x86_64-debian-gcc | 0.5.0 | 5.15 | 115.15 | 120.30 | NOTE | |
r-devel-linux-x86_64-fedora-clang | 0.5.0 | 290.40 | NOTE | |||
r-devel-linux-x86_64-fedora-gcc | 0.5.0 | 302.69 | NOTE | |||
r-devel-windows-x86_64 | 0.5.0 | 8.00 | 173.00 | 181.00 | OK | |
r-patched-linux-x86_64 | 0.5.0 | 8.45 | 159.07 | 167.52 | OK | |
r-release-linux-x86_64 | 0.5.0 | 6.37 | 159.03 | 165.40 | OK | |
r-release-macos-arm64 | 0.5.0 | 78.00 | OK | |||
r-release-macos-x86_64 | 0.5.0 | 154.00 | OK | |||
r-release-windows-x86_64 | 0.5.0 | 11.00 | 178.00 | 189.00 | OK | |
r-oldrel-macos-arm64 | 0.5.0 | 78.00 | OK | |||
r-oldrel-macos-x86_64 | 0.5.0 | 107.00 | OK | |||
r-oldrel-windows-x86_64 | 0.5.0 | 11.00 | 220.00 | 231.00 | OK |
Version: 0.5.0
Check: examples
Result: NOTE
Examples with CPU (user + system) or elapsed time > 5s
user system elapsed
cfa_summary 5.758 0.215 7.681
Flavor: r-devel-linux-x86_64-debian-clang
Version: 0.5.0
Check: examples
Result: NOTE
Examples with CPU (user + system) or elapsed time > 5s
user system elapsed
cfa_summary 3.848 0.247 5.678
Flavor: r-devel-linux-x86_64-debian-gcc
Version: 0.5.0
Check: dependencies in R code
Result: NOTE
Namespaces in Imports field not imported from:
‘lifecycle’ ‘patchwork’
All declared Imports should be used.
Flavors: r-devel-linux-x86_64-fedora-clang, r-devel-linux-x86_64-fedora-gcc