Last updated on 2025-04-29 17:51:43 CEST.
Flavor | Version | Tinstall | Tcheck | Ttotal | Status | Flags |
---|---|---|---|---|---|---|
r-devel-linux-x86_64-debian-clang | 1.0.1 | 28.96 | 168.58 | 197.54 | NOTE | |
r-devel-linux-x86_64-debian-gcc | 1.0.1 | 19.55 | 107.49 | 127.04 | NOTE | |
r-devel-linux-x86_64-fedora-clang | 1.0.1 | 340.17 | OK | |||
r-devel-linux-x86_64-fedora-gcc | 1.0.1 | 330.30 | OK | |||
r-devel-windows-x86_64 | 1.0.1 | 29.00 | 180.00 | 209.00 | OK | |
r-patched-linux-x86_64 | 1.0.1 | 31.56 | 155.03 | 186.59 | OK | |
r-release-linux-x86_64 | 1.0.1 | 29.23 | 154.67 | 183.90 | OK | |
r-release-macos-arm64 | 1.0.1 | 71.00 | OK | |||
r-release-macos-x86_64 | 1.0.1 | 157.00 | OK | |||
r-release-windows-x86_64 | 1.0.1 | 33.00 | 177.00 | 210.00 | OK | |
r-oldrel-macos-arm64 | 1.0.1 | 70.00 | OK | |||
r-oldrel-macos-x86_64 | 1.0.1 | 132.00 | OK | |||
r-oldrel-windows-x86_64 | 1.0.1 | 40.00 | 227.00 | 267.00 | OK |
Version: 1.0.1
Check: examples
Result: NOTE
Examples with CPU (user + system) or elapsed time > 5s
user system elapsed
gageRR.c 6.765 0.063 7.774
Distr 6.665 0.084 8.102
adSim 5.646 0.063 6.396
Flavor: r-devel-linux-x86_64-debian-clang
Version: 1.0.1
Check: examples
Result: NOTE
Examples with CPU (user + system) or elapsed time > 5s
user system elapsed
Distr 4.362 0.047 5.218
gageRR.c 4.267 0.029 5.796
Flavor: r-devel-linux-x86_64-debian-gcc