Last updated on 2025-04-29 23:49:15 CEST.
Flavor | Version | Tinstall | Tcheck | Ttotal | Status | Flags |
---|---|---|---|---|---|---|
r-devel-linux-x86_64-debian-clang | 0.6.0 | 4.66 | 64.97 | 69.63 | NOTE | |
r-devel-linux-x86_64-debian-gcc | 0.6.0 | 3.57 | 46.55 | 50.12 | NOTE | |
r-devel-linux-x86_64-fedora-clang | 0.6.0 | 115.80 | OK | |||
r-devel-linux-x86_64-fedora-gcc | 0.6.0 | 106.02 | OK | |||
r-devel-windows-x86_64 | 0.6.0 | 6.00 | 80.00 | 86.00 | OK | |
r-patched-linux-x86_64 | 0.6.0 | 5.21 | 61.34 | 66.55 | OK | |
r-release-linux-x86_64 | 0.6.0 | 4.70 | 62.08 | 66.78 | OK | |
r-release-macos-arm64 | 0.6.0 | 34.00 | OK | |||
r-release-macos-x86_64 | 0.6.0 | 58.00 | OK | |||
r-release-windows-x86_64 | 0.6.0 | 6.00 | 79.00 | 85.00 | OK | |
r-oldrel-macos-arm64 | 0.6.0 | 32.00 | OK | |||
r-oldrel-macos-x86_64 | 0.6.0 | 49.00 | OK | |||
r-oldrel-windows-x86_64 | 0.6.0 | 7.00 | 92.00 | 99.00 | OK |
Version: 0.6.0
Check: CRAN incoming feasibility
Result: NOTE
Maintainer: ‘Amanda Rehbein <amanda.rehbein@usp.br>’
Package CITATION file contains call(s) to old-style personList() or
as.personList(). Please use c() on person objects instead.
Package CITATION file contains call(s) to old-style citEntry(). Please
use bibentry() instead.
Flavors: r-devel-linux-x86_64-debian-clang, r-devel-linux-x86_64-debian-gcc
Version: 0.6.0
Check: examples
Result: NOTE
Examples with CPU (user + system) or elapsed time > 5s
user system elapsed
betaks 3.762 0.048 5.549
Flavor: r-devel-linux-x86_64-debian-clang