Last updated on 2025-05-01 05:51:41 CEST.
Flavor | Version | Tinstall | Tcheck | Ttotal | Status | Flags |
---|---|---|---|---|---|---|
r-devel-linux-x86_64-debian-clang | 1.6.0 | 13.41 | 142.97 | 156.38 | NOTE | |
r-devel-linux-x86_64-debian-gcc | 1.6.0 | 9.76 | 101.93 | 111.69 | NOTE | |
r-devel-linux-x86_64-fedora-clang | 1.6.0 | 250.34 | NOTE | |||
r-devel-linux-x86_64-fedora-gcc | 1.6.0 | 236.15 | NOTE | |||
r-devel-windows-x86_64 | 1.6.0 | 15.00 | 145.00 | 160.00 | NOTE | |
r-patched-linux-x86_64 | 1.6.0 | 12.86 | 133.88 | 146.74 | NOTE | |
r-release-linux-x86_64 | 1.6.0 | 12.94 | 135.31 | 148.25 | NOTE | |
r-release-macos-arm64 | 1.6.0 | 64.00 | OK | |||
r-release-macos-x86_64 | 1.6.0 | 137.00 | OK | |||
r-release-windows-x86_64 | 1.6.0 | 14.00 | 144.00 | 158.00 | NOTE | |
r-oldrel-macos-arm64 | 1.6.0 | 71.00 | OK | |||
r-oldrel-macos-x86_64 | 1.6.0 | 102.00 | OK | |||
r-oldrel-windows-x86_64 | 1.6.0 | 20.00 | 182.00 | 202.00 | OK |
Version: 1.6.0
Check: Rd cross-references
Result: NOTE
Found the following Rd file(s) with Rd \link{} targets missing package
anchors:
as.npregbw.Rd: npregbw, npreg
dens_test.Rd: DCdensity
Please provide package anchors for all Rd \link{} targets not in the
package itself and the base packages.
Flavors: r-devel-linux-x86_64-debian-clang, r-devel-linux-x86_64-debian-gcc, r-devel-windows-x86_64, r-patched-linux-x86_64, r-release-linux-x86_64, r-release-windows-x86_64
Version: 1.6.0
Check: dependencies in R code
Result: NOTE
Namespace in Imports field not imported from: ‘rmarkdown’
All declared Imports should be used.
Flavors: r-devel-linux-x86_64-fedora-clang, r-devel-linux-x86_64-fedora-gcc