Last updated on 2024-05-13 05:52:41 CEST.
Flavor | Version | Tinstall | Tcheck | Ttotal | Status | Flags |
---|---|---|---|---|---|---|
r-devel-linux-x86_64-debian-clang | 0.1.8 | 10.85 | 94.13 | 104.98 | NOTE | |
r-devel-linux-x86_64-debian-gcc | 0.1.8 | 7.81 | 69.63 | 77.44 | NOTE | |
r-devel-linux-x86_64-fedora-clang | 0.1.8 | 129.60 | NOTE | |||
r-devel-linux-x86_64-fedora-gcc | 0.1.8 | 165.86 | NOTE | |||
r-devel-windows-x86_64 | 0.1.8 | 12.00 | 95.00 | 107.00 | NOTE | |
r-patched-linux-x86_64 | 0.1.8 | 10.27 | 88.50 | 98.77 | NOTE | |
r-release-linux-x86_64 | 0.1.8 | 9.64 | 88.86 | 98.50 | NOTE | |
r-release-macos-arm64 | 0.1.8 | 49.00 | NOTE | |||
r-release-windows-x86_64 | 0.1.8 | 13.00 | 98.00 | 111.00 | NOTE | |
r-oldrel-macos-arm64 | 0.1.8 | 55.00 | OK | |||
r-oldrel-macos-x86_64 | 0.1.8 | 86.00 | OK | |||
r-oldrel-windows-x86_64 | 0.1.8 | 14.00 | 108.00 | 122.00 | OK |
Version: 0.1.8
Check: Rd files
Result: NOTE
checkRd: (-1) impute_down_nuts.Rd:21: Lost braces
21 | NUTS typologies, defaults to code{"geo_var".}}
| ^
checkRd: (-1) validate_data_frame.Rd:19: Lost braces
19 | NUTS typologies, defaults to code{"geo_var".}}
| ^
Flavors: r-devel-linux-x86_64-debian-clang, r-devel-linux-x86_64-debian-gcc, r-devel-linux-x86_64-fedora-clang, r-devel-linux-x86_64-fedora-gcc, r-devel-windows-x86_64, r-patched-linux-x86_64, r-release-linux-x86_64, r-release-macos-arm64, r-release-windows-x86_64
Version: 0.1.8
Check: data for non-ASCII characters
Result: NOTE
Note: found 2 marked Latin-1 strings
Note: found 50022 marked UTF-8 strings
Flavors: r-devel-linux-x86_64-fedora-clang, r-devel-linux-x86_64-fedora-gcc