Last updated on 2025-04-30 05:49:52 CEST.
Flavor | Version | Tinstall | Tcheck | Ttotal | Status | Flags |
---|---|---|---|---|---|---|
r-devel-linux-x86_64-debian-clang | 1.0.2 | 17.74 | 167.26 | 185.00 | NOTE | |
r-devel-linux-x86_64-debian-gcc | 1.0.2 | 10.63 | 114.18 | 124.81 | NOTE | |
r-devel-linux-x86_64-fedora-clang | 1.0.2 | 303.45 | OK | |||
r-devel-linux-x86_64-fedora-gcc | 1.0.2 | 280.47 | OK | |||
r-devel-windows-x86_64 | 1.0.2 | 17.00 | 167.00 | 184.00 | OK | |
r-patched-linux-x86_64 | 1.0.2 | 15.55 | 154.85 | 170.40 | OK | |
r-release-linux-x86_64 | 1.0.2 | 16.19 | 158.61 | 174.80 | OK | |
r-release-macos-arm64 | 1.0.2 | 79.00 | OK | |||
r-release-macos-x86_64 | 1.0.2 | 153.00 | OK | |||
r-release-windows-x86_64 | 1.0.2 | 19.00 | 162.00 | 181.00 | OK | |
r-oldrel-macos-arm64 | 1.0.2 | 73.00 | OK | |||
r-oldrel-macos-x86_64 | 1.0.2 | 124.00 | OK | |||
r-oldrel-windows-x86_64 | 1.0.2 | 22.00 | 200.00 | 222.00 | OK |
Version: 1.0.2
Check: CRAN incoming feasibility
Result: NOTE
Maintainer: ‘Tony Wang <xwang@imedacs.com>’
The Description field contains
<arXiv:2203.02771>. Methods for missing-not-at-random include
Please refer to arXiv e-prints via their arXiv DOI <doi:10.48550/arXiv.YYMM.NNNNN>.
Flavors: r-devel-linux-x86_64-debian-clang, r-devel-linux-x86_64-debian-gcc