Last updated on 2025-04-29 23:49:18 CEST.
Flavor | Version | Tinstall | Tcheck | Ttotal | Status | Flags |
---|---|---|---|---|---|---|
r-devel-linux-x86_64-debian-clang | 1.0.0 | 3.89 | 53.93 | 57.82 | NOTE | |
r-devel-linux-x86_64-debian-gcc | 1.0.0 | 2.69 | 37.74 | 40.43 | NOTE | |
r-devel-linux-x86_64-fedora-clang | 1.0.0 | 89.08 | OK | |||
r-devel-linux-x86_64-fedora-gcc | 1.0.0 | 97.82 | OK | |||
r-devel-windows-x86_64 | 1.0.0 | 5.00 | 76.00 | 81.00 | OK | |
r-patched-linux-x86_64 | 1.0.0 | 4.56 | 49.72 | 54.28 | OK | |
r-release-linux-x86_64 | 1.0.0 | 3.11 | 50.06 | 53.17 | OK | |
r-release-macos-arm64 | 1.0.0 | 62.00 | OK | |||
r-release-macos-x86_64 | 1.0.0 | 67.00 | OK | |||
r-release-windows-x86_64 | 1.0.0 | 6.00 | 76.00 | 82.00 | OK | |
r-oldrel-macos-arm64 | 1.0.0 | 29.00 | OK | |||
r-oldrel-macos-x86_64 | 1.0.0 | 51.00 | OK | |||
r-oldrel-windows-x86_64 | 1.0.0 | 6.00 | 86.00 | 92.00 | OK |
Version: 1.0.0
Check: examples
Result: NOTE
Examples with CPU (user + system) or elapsed time > 5s
user system elapsed
anchor.cell 7.958 0.081 10.126
Flavor: r-devel-linux-x86_64-debian-clang
Version: 1.0.0
Check: examples
Result: NOTE
Examples with CPU (user + system) or elapsed time > 5s
user system elapsed
anchor.cell 4.892 0.073 7.162
Flavor: r-devel-linux-x86_64-debian-gcc