Last updated on 2025-04-30 17:54:11 CEST.
Flavor | Version | Tinstall | Tcheck | Ttotal | Status | Flags |
---|---|---|---|---|---|---|
r-devel-linux-x86_64-debian-clang | 1.0.3 | 7.45 | 58.30 | 65.75 | OK | |
r-devel-linux-x86_64-debian-gcc | 1.0.3 | 5.34 | 43.80 | 49.14 | NOTE | |
r-devel-linux-x86_64-fedora-clang | 1.0.3 | 99.06 | OK | |||
r-devel-linux-x86_64-fedora-gcc | 1.0.3 | 105.44 | OK | |||
r-devel-windows-x86_64 | 1.0.3 | 9.00 | 96.00 | 105.00 | OK | |
r-patched-linux-x86_64 | 1.0.3 | 8.32 | 55.91 | 64.23 | OK | |
r-release-linux-x86_64 | 1.0.3 | 7.23 | 56.51 | 63.74 | OK | |
r-release-macos-arm64 | 1.0.3 | 98.00 | OK | |||
r-release-macos-x86_64 | 1.0.3 | 140.00 | OK | |||
r-release-windows-x86_64 | 1.0.3 | 9.00 | 93.00 | 102.00 | OK | |
r-oldrel-macos-arm64 | 1.0.3 | 85.00 | OK | |||
r-oldrel-macos-x86_64 | 1.0.3 | 124.00 | OK | |||
r-oldrel-windows-x86_64 | 1.0.3 | 11.00 | 106.00 | 117.00 | OK |
Version: 1.0.3
Check: examples
Result: NOTE
Examples with CPU (user + system) or elapsed time > 5s
user system elapsed
Scheduler 1.501 0.214 10.178
Flavor: r-devel-linux-x86_64-debian-gcc