Last updated on 2025-04-29 17:51:48 CEST.
Flavor | Version | Tinstall | Tcheck | Ttotal | Status | Flags |
---|---|---|---|---|---|---|
r-devel-linux-x86_64-debian-clang | 1.0.1 | 13.95 | 95.61 | 109.56 | NOTE | |
r-devel-linux-x86_64-debian-gcc | 1.0.1 | 10.28 | 68.29 | 78.57 | NOTE | |
r-devel-linux-x86_64-fedora-clang | 1.0.1 | 180.90 | OK | |||
r-devel-linux-x86_64-fedora-gcc | 1.0.1 | 155.84 | OK | |||
r-devel-windows-x86_64 | 1.0.1 | 15.00 | 97.00 | 112.00 | OK | |
r-patched-linux-x86_64 | 1.0.1 | 14.29 | 89.54 | 103.83 | OK | |
r-release-linux-x86_64 | 1.0.1 | 14.08 | 89.97 | 104.05 | OK | |
r-release-macos-arm64 | 1.0.1 | 52.00 | OK | |||
r-release-macos-x86_64 | 1.0.1 | 81.00 | OK | |||
r-release-windows-x86_64 | 1.0.1 | 16.00 | 94.00 | 110.00 | OK | |
r-oldrel-macos-arm64 | 1.0.1 | 43.00 | NOTE | |||
r-oldrel-macos-x86_64 | 1.0.1 | 68.00 | NOTE | |||
r-oldrel-windows-x86_64 | 1.0.1 | 19.00 | 121.00 | 140.00 | NOTE |
Version: 1.0.1
Check: CRAN incoming feasibility
Result: NOTE
Maintainer: ‘Jean Bertin <jean.bertin@mines-paris.org>’
No Authors@R field in DESCRIPTION.
Please add one, modifying
Authors@R: person(given = "Jean",
family = "Bertin",
role = c("aut", "cre"),
email = "jean.bertin@mines-paris.org")
as necessary.
Flavors: r-devel-linux-x86_64-debian-clang, r-devel-linux-x86_64-debian-gcc
Version: 1.0.1
Check: LazyData
Result: NOTE
'LazyData' is specified without a 'data' directory
Flavors: r-oldrel-macos-arm64, r-oldrel-macos-x86_64, r-oldrel-windows-x86_64