Last updated on 2025-04-30 11:52:29 CEST.
Flavor | Version | Tinstall | Tcheck | Ttotal | Status | Flags |
---|---|---|---|---|---|---|
r-devel-linux-x86_64-debian-clang | 1.5.0 | 5.97 | 37.83 | 43.80 | NOTE | |
r-devel-linux-x86_64-debian-gcc | 1.5.0 | 4.45 | 27.23 | 31.68 | NOTE | |
r-devel-linux-x86_64-fedora-clang | 1.5.0 | 69.80 | OK | |||
r-devel-linux-x86_64-fedora-gcc | 1.5.0 | 65.05 | OK | |||
r-devel-windows-x86_64 | 1.5.0 | 10.00 | 72.00 | 82.00 | OK | |
r-patched-linux-x86_64 | 1.5.0 | 5.89 | 35.15 | 41.04 | OK | |
r-release-linux-x86_64 | 1.5.0 | 5.80 | 35.09 | 40.89 | OK | |
r-release-macos-arm64 | 1.5.0 | 33.00 | OK | |||
r-release-macos-x86_64 | 1.5.0 | 44.00 | OK | |||
r-release-windows-x86_64 | 1.5.0 | 9.00 | 72.00 | 81.00 | OK | |
r-oldrel-macos-arm64 | 1.5.0 | 27.00 | OK | |||
r-oldrel-macos-x86_64 | 1.5.0 | 34.00 | OK | |||
r-oldrel-windows-x86_64 | 1.5.0 | 10.00 | 72.00 | 82.00 | OK |
Version: 1.5.0
Check: CRAN incoming feasibility
Result: NOTE
Maintainer: ‘Gordon Smyth <smyth@wehi.edu.au>’
No Authors@R field in DESCRIPTION.
Please add one, modifying
Authors@R: c(person(given = "Gordon",
family = "Smyth",
role = c("cre", "aut"),
email = "smyth@wehi.edu.au"),
person(given = "Lizhong",
family = "Chen",
role = "aut"),
person(given = "Yifang",
family = "Hu",
role = "ctb"),
person(given = "Peter",
family = "Dunn",
role = "ctb"),
person(given = "Belinda",
family = "Phipson",
role = "ctb"),
person(given = "Yunshun",
family = "Chen",
role = "ctb"))
as necessary.
Package CITATION file contains call(s) to old-style citEntry(). Please
use bibentry() instead.
Flavors: r-devel-linux-x86_64-debian-clang, r-devel-linux-x86_64-debian-gcc