Last updated on 2025-04-29 11:51:37 CEST.
Flavor | Version | Tinstall | Tcheck | Ttotal | Status | Flags |
---|---|---|---|---|---|---|
r-devel-linux-x86_64-debian-clang | 1.4.0 | 14.75 | 135.73 | 150.48 | NOTE | |
r-devel-linux-x86_64-debian-gcc | 1.4.0 | 10.59 | 92.84 | 103.43 | NOTE | |
r-devel-linux-x86_64-fedora-clang | 1.4.0 | 207.70 | OK | |||
r-devel-linux-x86_64-fedora-gcc | 1.4.0 | 228.46 | OK | |||
r-devel-windows-x86_64 | 1.4.0 | 16.00 | 149.00 | 165.00 | OK | |
r-patched-linux-x86_64 | 1.4.0 | 16.28 | 125.84 | 142.12 | OK | |
r-release-linux-x86_64 | 1.4.0 | 13.98 | 126.85 | 140.83 | OK | |
r-release-macos-arm64 | 1.4.0 | 78.00 | OK | |||
r-release-macos-x86_64 | 1.4.0 | 145.00 | OK | |||
r-release-windows-x86_64 | 1.4.0 | 21.00 | 153.00 | 174.00 | OK | |
r-oldrel-macos-arm64 | 1.4.0 | 77.00 | OK | |||
r-oldrel-macos-x86_64 | 1.4.0 | 133.00 | OK | |||
r-oldrel-windows-x86_64 | 1.4.0 | 20.00 | 186.00 | 206.00 | OK |
Version: 1.4.0
Check: examples
Result: NOTE
Examples with CPU (user + system) or elapsed time > 5s
user system elapsed
graph_data_prep 6.034 0.115 7.792
rank_sites_DT 4.577 0.047 5.952
Flavor: r-devel-linux-x86_64-debian-clang
Version: 1.4.0
Check: examples
Result: NOTE
Examples with CPU (user + system) or elapsed time > 5s
user system elapsed
graph_data_prep 3.609 0.096 5.238
Flavor: r-devel-linux-x86_64-debian-gcc