Last updated on 2024-05-13 05:52:47 CEST.
Flavor | Version | Tinstall | Tcheck | Ttotal | Status | Flags |
---|---|---|---|---|---|---|
r-devel-linux-x86_64-debian-clang | 0.10-55 | 10.86 | 56.73 | 67.59 | OK | |
r-devel-linux-x86_64-debian-gcc | 0.10-55 | 6.82 | 43.69 | 50.51 | OK | |
r-devel-linux-x86_64-fedora-clang | 0.10-55 | 85.57 | NOTE | |||
r-devel-linux-x86_64-fedora-gcc | 0.10-55 | 106.32 | NOTE | |||
r-devel-windows-x86_64 | 0.10-55 | 15.00 | 75.00 | 90.00 | OK | |
r-patched-linux-x86_64 | 0.10-55 | 10.85 | 54.55 | 65.40 | OK | |
r-release-linux-x86_64 | 0.10-55 | 7.72 | 55.85 | 63.57 | OK | |
r-release-macos-arm64 | 0.10-55 | 33.00 | OK | |||
r-release-windows-x86_64 | 0.10-55 | 15.00 | 75.00 | 90.00 | OK | |
r-oldrel-macos-arm64 | 0.10-55 | 41.00 | OK | |||
r-oldrel-macos-x86_64 | 0.10-55 | 67.00 | OK | |||
r-oldrel-windows-x86_64 | 0.10-55 | 16.00 | 84.00 | 100.00 | OK |
Version: 0.10-55
Check: dependencies in R code
Result: NOTE
Namespace in Imports field not imported from: ‘jsonlite’
All declared Imports should be used.
Flavors: r-devel-linux-x86_64-fedora-clang, r-devel-linux-x86_64-fedora-gcc