CRAN Package Check Results for Package typed

Last updated on 2025-04-30 17:54:14 CEST.

Flavor Version Tinstall Tcheck Ttotal Status Flags
r-devel-linux-x86_64-debian-clang 0.0.1 2.53 25.59 28.12 OK
r-devel-linux-x86_64-debian-gcc 0.0.1 1.47 20.81 22.28 OK
r-devel-linux-x86_64-fedora-clang 0.0.1 42.14 OK
r-devel-linux-x86_64-fedora-gcc 0.0.1 40.47 OK
r-devel-windows-x86_64 0.0.1 4.00 48.00 52.00 OK
r-patched-linux-x86_64 0.0.1 2.10 23.15 25.25 OK
r-release-linux-x86_64 0.0.1 2.33 23.28 25.61 OK
r-release-macos-arm64 0.0.1 21.00 OK
r-release-macos-x86_64 0.0.1 28.00 OK
r-release-windows-x86_64 0.0.1 3.00 46.00 49.00 OK
r-oldrel-macos-arm64 0.0.1 18.00 NOTE
r-oldrel-macos-x86_64 0.0.1 25.00 NOTE
r-oldrel-windows-x86_64 0.0.1 4.00 48.00 52.00 NOTE

Check Details

Version: 0.0.1
Check: LazyData
Result: NOTE 'LazyData' is specified without a 'data' directory Flavors: r-oldrel-macos-arm64, r-oldrel-macos-x86_64, r-oldrel-windows-x86_64